)?
-1
Let f(d) = -2*d + 1. Let b be f(-4). Let i = -172 - -178. Let c(x) = 7*x - 13 - i*x + 0*x. What is c(b)?
-4
Suppose 611*c + 4*a + 17 = 610*c, 5*c - 29 = -a. Let f(o) = -o**3 + 8*o**2 - 11*o + 14. Give f(c).
-14
Let a be 0 + (0 + -1 - -2). Let h(f) be the third derivative of 1/24*f**4 - 1/6*f**3 + 0*f - f**2 + 4. Give h(a).
0
Let t(x) be the second derivative of x**3/6 + 11*x**2/2 + 5320*x. Give t(-13).
-2
Suppose -5*n = -3*b - 1437, b + 4 = 5. Let j = -300 + n. Let y(t) = -t**3 - 13*t**2 - 14*t - 13. Determine y(j).
11
Let a(s) = -19*s**3 - 10*s**2 + 10*s + 47. Let w(v) = -21*v**3 - 11*v**2 + 11*v + 53. Let m(f) = -10*a(f) + 9*w(f). What is m(3)?
40
Let v be (-25)/(-7) - -2*10/(-35). Let k be 2*(22/6 + -3)*v. Let l(o) = o**3 - 4*o**2 + 2. Give l(k).
2
Let p be 3 + (-8)/((-7)/(-7)) - 7. Let b(v) = -v**3 - 11*v**2 + 16*v + 55. Calculate b(p).
7
Let q(x) = -x**3 - 2*x**2 + 12*x + 13. Let o(i) = i**3 - 30*i**2 - 25*i + 2268. Let b be o(28). Calculate q(b).
13
Suppose 3*i - 52 = -40. Suppose i*f - 2*f + 3*f = 0. Let q(k) = 0*k + 5*k - 6*k + f*k + 7. Calculate q(5).
2
Let u = 3542 + -3527. Let w(a) = -4*a + 45. What is w(u)?
-15
Let x(u) = -4*u**3 + u + 3. Suppose 0 = 4*d - 5*f - 26, 0 = -5*d - 5*f - 8 - 27. What is x(d)?
6
Let c(x) = x - 12. Suppose 3*v + b = -2*b + 12, -3*b = 2*v - 8. Suppose 4*j - v*o = 12, -j - 5*o + 2*o + 11 = 0. Calculate c(j).
-7
Let a(d) be the third derivative of d**4/24 + 3*d**3/2 + 15*d**2. Let f(j) = 6*j. Let m be f(0). Let b(o) = o - 6. Let v be b(m). Calculate a(v).
3
Let j(t) = -22*t + 28 + 92 + 10*t + 23 + 139. Determine j(23).
6
Let w(h) = h**3 + 4. Suppose 5*s = 6*u - 5*u + 374, -5*u + 54 = s. Suppose -2*l + 15*c - 12*c - 130 = 0, -246 = 3*l + 4*c. Let o = l + s. Calculate w(o).
4
Let a(f) = -f**3 + 27*f**2 - 25*f - 43. Let m = -20787 - -20813. Give a(m).
-17
Suppose -14 + 2 = -3*d - 3*w, w - 10 = -3*d. Let n(v) = -1 + d*v - 7 + 3*v**2 - v**3 + 3. Calculate n(4).
-9
Let o(t) = t**2 + 8*t + 9. Let c be -4 + (-3252)/8 + (-4)/8. Let v = c - -405. Give o(v).
-3
Let d(a) be the first derivative of -a**4/12 + a**3 - a**2/2 + 66*a + 164. Let y(w) be the first derivative of d(w). Determine y(5).
4
Let j be (1/4)/(273/42 - (-12)/(-2)). Let v(b) be the second derivative of 1/12*b**4 - j*b**2 + 1/3*b**3 - 16*b + 0. What is v(-2)?
-1
Let x(a) = -3*a - 34*a**3 + 35*a**3 + 6 - 2 - a**2. Let v be (-2 - 2)/(-1 + (-2)/6). Suppose -i = -v*q - 15, q + 5 = 3*i - 8. Determine x(i).
13
Let p(c) = -4*c**2 - 46*c + 143. Let q be p(-14). Let g(i) = -i**3 + 4*i**2 + 8*i - 7. What is g(q)?
26
Let m(c) = -c - 8. Let k(o) = o + 8. Let w(s) = -3*k(s) - 4*m(s). Let z be 90/(-7) + (-3)/21. Give w(z).
-5
Let x(q) = -2*q**3 + 8*q**2 - 16*q + 31. Let w(k) = -2*k**3 + 9*k**2 - 14*k + 26. Let s(h) = 5*w(h) - 4*x(h). Determine s(6).
6
Let z(h) = 12*h + 80. Let j(c) = -11*c - 79. Let k(p) = 5*j(p) + 4*z(p). Let q be k(-10). Let g(v) = 6*v - 3. Determine g(q).
-33
Let x(q) = 22*q**2 + 116*q - 114*q - 205 + 168 + q**3. Give x(-22).
-81
Let m(p) = p**3 + 4*p**2 - p - 1. Let w be m(-4). Let y(v) = -v**w + 5 - 7*v**2 + 13*v - 13*v. Let f be 11 + (-10710)/561 + 24/22. What is y(f)?
5
Let j(a) be the second derivative of 7*a**3/6 + a**2 - a. Suppose 770 = 18*f - 7*f. Suppose -64*d = -f*d + 12. Give j(d).
16
Suppose 4*o = 3 + 5. Let m(k) = -1 - 3 - 101*k**2 + 5 + 95*k**2 - 2*k + 2. Give m(o).
-25
Let s be (-56)/(-112) - (-326)/(-4). Let m be (s/(-54))/(0 + (-3)/6). Let w(v) be the first derivative of -v**3 - v**2/2 + 2*v - 2. Give w(m).
-22
Let a(v) = v**3 - 1. Let c(q) = 7*q**3 + 2*q - 7. Let m(k) = -6*a(k) + c(k). Let g(u) = u**2 + 57*u + 112. Let w be g(-55). Calculate m(w).
11
Let z(a) = a + 9. Let y(d) be the first derivative of -d**3 - 7*d**2/2 + 6*d + 22. Let u(q) = -2*q**2 + 5*q + 22. Let p be u(5). Let m be y(p). Give z(m).
9
Let i = -117003 - -117000. Let j(l) be the third derivative of -l**6/120 - l**5/20 - l**4/12 - l**3/2 - l**2. Determine j(i).
3
Let f(n) = 532*n - 3701. Let z be f(7). Let h(y) be the third derivative of 1/120*y**6 - z*y**2 - 1/3*y**3 - 1/15*y**5 + 0*y + 0 + 1/6*y**4. Give h(4).
14
Let r be 3/(-2)*30/(-63)*-7. Let f(a) = -3*a + 9. Let s(u) = -2*u + 1. Let d(k) = -f(k) + 3*s(k). What is d(r)?
9
Let n(l) be the second derivative of -l**5/20 - 2*l**4/3 - l**3 - l**2 + 198*l. What is n(-5)?
-47
Let n(u) = u**3 + 60*u - 34*u - 5*u**2 - 31*u. Calculate n(4).
-36
Let h(k) = -197*k - 193*k + 590*k - 1 + 8 - 197*k. Give h(8).
31
Suppose 1042 - 1476 = -62*y. Let r(w) = -w**3 + 5*w**2 + 11*w - 21. Calculate r(y).
-42
Let a(x) be the third derivative of -7*x**6/120 - x**5/30 + x**3/6 + x**2. Let w = -449 + 451. Let k be (-33)/(-27) - w*4/36. Determine a(k).
-8
Let n(x) be the second derivative of x**5/20 - 4*x**4/3 + 11*x**3/2 - 73*x**2/2 - 3*x + 6. Let j be n(14). Let z(a) = a**3 + 3*a**2 - 2*a - 2. Determine z(j).
4
Let q(k) = -k**3 - 15*k**2 + 20*k - 37. Suppose 2432 = -570*c + 418*c. What is q(c)?
-101
Suppose -142*i + 60*i - 488 = -143*i. Let t(j) = j**2 - 4*j - 4*j - j. Calculate t(i).
-8
Let n(p) = -14 - 3*p - 18 + 38 - 2*p. Let z(j) = j - 1. Let s(t) = n(t) + 4*z(t). Give s(-4).
6
Let y(z) = z**3 + 11*z**2 - 15*z + 2. Let x(b) be the third derivative of -b**5/15 + 13*b**4/8 - b**3/3 - 99*b**2. Let n be x(10). Give y(n).
38
Let n(z) = 11*z - 104. Suppose -1514*r + 496 = -1452*r. Give n(r).
-16
Let j(d) = -d + 1. Let n(o) = -o + 25. Let q be n(21). Let z(a) = 3*a - 7. Let f(r) = q*j(r) + z(r). Give f(-11).
8
Let x = 15948 + -15935. Let v(h) = h**3 - 16*h**2 + 38*h + 17. Determine v(x).
4
Let u(t) = 2*t - 6. Let h = 68 - 74. What is u(h)?
-18
Let n(k) = -5*k**2 - 12*k + 8. Let f(r) be the second derivative of r**4/12 + r**3/3 - r**2/2 + 3*r + 6. Let q(x) = 4*f(x) + n(x). Give q(-7).
-17
Let x(p) be the first derivative of -1/3*p**3 - 3 + 4*p + 5/2*p**2. Let v = -13 + 18. Determine x(v).
4
Let n(c) = -4*c**2 + 56*c - 7. Suppose 4*d = 10*d + 38*d - 616. Give n(d).
-7
Let d(c) = -89 + c**2 - 20*c - 110 + 0*c**2 + 2*c + 222. Determine d(18).
23
Suppose 104 = -158*a + 162*a. Let u(v) = -5*v - 7 - 8 - 10 + a. Calculate u(1).
-4
Suppose 10*b = -5*o - 35, -16*o - 3 = -13*o + 3*b. Let p(t) = 12*t - 57. Calculate p(o).
3
Let c(h) = -h**3 + 9*h**2 + 12*h - 23. Let b(o) = 248*o + 1746. Let m be b(-7). What is c(m)?
-3
Let v(b) = 4*b - 5*b + 3*b - 9 - 6531*b**2 + 6532*b**2. Calculate v(-6).
15
Let n(f) be the second derivative of f**4/24 - 8*f**3/3 - 47*f**2/2 + 4*f + 8. Let u(q) be the first derivative of n(q). Determine u(13).
-3
Let m = 3 + 0. Let v(j) = 4*j**2 + 3*j - j**3 + 2*j**3 - 4 + 0*j**m. Suppose 0 = 229*z + 151*z + 1140. Give v(z).
-4
Let z(b) = b**3 + 40*b**2 - 84*b + 3. Let i be 7682/(-184) - 3/12. Give z(i).
3
Let h(c) = c**2 + 43*c - 251. Let o be h(-48). Let k(q) = -q**3 - 11*q**2 + 7*q + 7. What is k(o)?
-70
Let g = -15 - -22. Let z(k) = k - g*k + 4*k - 2. Let a be (0 + 1)*(-1 + (2 - -2)). Determine z(a).
-8
Let l(c) = -13*c**3 + c**2 + 50*c + 49. Let m be l(-1). Let v(f) = f**2 - 15*f + 7. Give v(m).
-19
Let v = 6078 + -6064. Let u(k) = 5*k - 83. Calculate u(v).
-13
Let o(p) = 10*p - 4. Let a(r) = -41*r + 17. Let q(v) = 6*a(v) + 26*o(v). Let t(c) = c**3 + 23*c**2 - 48*c - 2. Let j be t(2). Calculate q(j).
26
Let f = 56 - 56. Suppose -7 = -w - 5. Let s(h) = -21 + 0*h**2 + f*h**w + 18 + h**2. Determine s(3).
6
Let h(w) = -w**3 + 7*w**2 + 3*w + 2. Let r = -9681 - -9688. What is h(r)?
23
Let z(g) = 14*g**3 + 11*g**2 + 62*g - 6. Let r(p) = 2*p**3 + 2*p**2 + 10*p - 2. Let m(x) = -6*r(x) + z(x). What is m(3)?
57
Let k(s) be the first derivative of s**6/120 - s**5/15 - s**4/8 - s**3/2 - 67*s**2/2 - 21. Let n(q) be the second derivative of k(q). Give n(4).
-15
Suppose 7*a = 5*a + 4. Suppose -2*z - a*k + 46 = 0, 4*z = -5*k - 14 + 101. Let r = z - 33. Let s(q) = -q**3 - 7*q**2 - 6*q + 7. Calculate s(r).
-13
Let a(f) = 8*f**3 - f**2 + f + 1. Suppose 0 = -25*r + 429 - 379. Determine a(r).
63
Let b be 4/(5/(100/16)). Let d(q) = 17*q**2 - 15*q + 2. Let f(j) = 9*j**2 - 6*j + 1. Let g(m) = b*f(m) - 2*d(m). Calculate g(2).
45
Let g(p) = p**3 - 20 - 17*p**2 + 70*p**2 - 28*p**2 - p. What is g(-25)?
5
Let m = 7148 + -7135. Let g(l) = -l**3 + 12*l**2 + 11*l + 17. What is g(m)?
-9
Suppose 5*n = n + 20. Let f(d) be the first derivative of -5/2*